{"id":169,"date":"2023-09-13T12:32:47","date_gmt":"2023-09-13T10:32:47","guid":{"rendered":"http:\/\/lepanib.cluster028.hosting.ovh.net\/?page_id=169"},"modified":"2023-11-14T19:32:58","modified_gmt":"2023-11-14T18:32:58","slug":"mentions-legales","status":"publish","type":"page","link":"https:\/\/www.lepanierfoyen.fr\/index.php\/mentions-legales\/","title":{"rendered":"Mentions l\u00e9gales"},"content":{"rendered":"\n<div class=\"wp-block-cover alignfull has-custom-content-position is-position-top-center\" style=\"min-height:747px;aspect-ratio:unset;\"><span aria-hidden=\"true\" class=\"wp-block-cover__background has-nv-light-bg-background-color has-background-dim-100 has-background-dim\"><\/span><div class=\"wp-block-cover__inner-container is-layout-constrained wp-block-cover-is-layout-constrained\">\n<div style=\"height:100px\" aria-hidden=\"true\" class=\"wp-block-spacer\"><\/div>\n\n\n\n<h2 class=\"wp-block-heading has-text-align-center has-neve-text-color-color has-text-color has-large-font-size\">Mentions l\u00e9gales<\/h2>\n\n\n\n<div style=\"height:50px\" aria-hidden=\"true\" class=\"wp-block-spacer\"><\/div>\n\n\n\n<h3 class=\"wp-block-heading has-neve-text-color-color has-text-color has-medium-font-size\">Le Panier Foyen<\/h3>\n\n\n\n<p class=\"has-neve-text-color-color has-text-color has-medium-font-size\">Ce site Internet est \u00e9dit\u00e9 par l&rsquo;association Le Panier Foyen, dont le si\u00e8ge est situ\u00e9 \u00e0 l&rsquo;adresse suivante : Mairie &#8211; Rue de la R\u00e9publique &#8211; 33220 Sainte-Foy-La-Grande &#8211; France<\/p>\n\n\n\n<p class=\"has-neve-text-color-color has-text-color has-medium-font-size\">Pour contacter l&rsquo;association, il suffit d&rsquo;envoyer un courriel \u00e0 <a href=\"mailto:contact@lepanierfoyen.fr\" target=\"_blank\" rel=\"noreferrer noopener\">contact@lepanierfoyen.fr<\/a><\/p>\n\n\n\n<div style=\"height:10px\" aria-hidden=\"true\" class=\"wp-block-spacer\"><\/div>\n\n\n\n<h3 class=\"wp-block-heading has-neve-text-color-color has-text-color has-medium-font-size\">H\u00e9bergeur<\/h3>\n\n\n\n<p class=\"has-neve-text-color-color has-text-color has-medium-font-size\">Ce site est h\u00e9berg\u00e9 pas OVH &#8211; 2 rue Kellermann &#8211; 59100 Roubaix &#8211; France<\/p>\n\n\n\n<div style=\"height:10px\" aria-hidden=\"true\" class=\"wp-block-spacer\"><\/div>\n\n\n\n<h3 class=\"wp-block-heading has-neve-text-color-color has-text-color has-medium-font-size\">Donn\u00e9es personnelles<\/h3>\n\n\n\n<p class=\"has-neve-text-color-color has-text-color has-medium-font-size\">Vous pouvez consulter ce site sans avoir \u00e0 fournir d&rsquo;informations personnelles, except\u00e9 si vous contactez l&rsquo;association par courriel. Votre adresse \u00e9lectronique sera alors automatiquement transmise.<\/p>\n\n\n\n<div style=\"height:147px\" aria-hidden=\"true\" class=\"wp-block-spacer\"><\/div>\n<\/div><\/div>\n","protected":false},"excerpt":{"rendered":"","protected":false},"author":1,"featured_media":0,"parent":0,"menu_order":0,"comment_status":"closed","ping_status":"closed","template":"","meta":{"neve_meta_sidebar":"","neve_meta_container":"contained","neve_meta_enable_content_width":"on","neve_meta_content_width":80,"neve_meta_title_alignment":"","neve_meta_author_avatar":"","neve_post_elements_order":"","neve_meta_disable_header":"","neve_meta_disable_footer":"","neve_meta_disable_title":"on","footnotes":""},"class_list":["post-169","page","type-page","status-publish","hentry"],"_links":{"self":[{"href":"https:\/\/www.lepanierfoyen.fr\/index.php\/wp-json\/wp\/v2\/pages\/169","targetHints":{"allow":["GET"]}}],"collection":[{"href":"https:\/\/www.lepanierfoyen.fr\/index.php\/wp-json\/wp\/v2\/pages"}],"about":[{"href":"https:\/\/www.lepanierfoyen.fr\/index.php\/wp-json\/wp\/v2\/types\/page"}],"author":[{"embeddable":true,"href":"https:\/\/www.lepanierfoyen.fr\/index.php\/wp-json\/wp\/v2\/users\/1"}],"replies":[{"embeddable":true,"href":"https:\/\/www.lepanierfoyen.fr\/index.php\/wp-json\/wp\/v2\/comments?post=169"}],"version-history":[{"count":24,"href":"https:\/\/www.lepanierfoyen.fr\/index.php\/wp-json\/wp\/v2\/pages\/169\/revisions"}],"predecessor-version":[{"id":623,"href":"https:\/\/www.lepanierfoyen.fr\/index.php\/wp-json\/wp\/v2\/pages\/169\/revisions\/623"}],"wp:attachment":[{"href":"https:\/\/www.lepanierfoyen.fr\/index.php\/wp-json\/wp\/v2\/media?parent=169"}],"curies":[{"name":"wp","href":"https:\/\/api.w.org\/{rel}","templated":true}]}}